0*n - 123. Give a(2).
1
Let p(r) = r**3 + 34*r**2 - 34*r + 53. What is p(-35)?
18
Let s(m) = m**3 - 49*m**2 - 154*m - 36. Give s(52).
68
Let a(j) = -j**3 + 30*j**2 - 283*j + 869. Calculate a(15).
-1
Let v(x) = 112*x + 1674. Give v(-15).
-6
Let c(p) = -p**3 + 9*p**2 - 8*p + 73. What is c(7)?
115
Let f(b) = 61*b**3 + 2*b**2 + 17*b + 14. What is f(-1)?
-62
Let o(f) = -4*f**2 + 50*f + 981. Give o(23).
15
Let y(g) = 393*g - 2209. Give y(6).
149
Let x(p) = -5*p**2 - 24*p + 12. Determine x(-5).
7
Let s(d) = 5*d**2 + 20*d - 44. Calculate s(3).
61
Let z(t) = -t**2 - 19*t + 920. Calculate z(-41).
18
Let x(o) = 2*o**2 - 22*o - 602. Calculate x(24).
22
Let s(v) = -10*v**2 + 294*v + 82. Determine s(29).
198
Let p(c) = -c**2 + 89*c + 649. What is p(-7)?
-23
Let q(r) = -r**3 - 366*r**2 - 18*r - 6559. What is q(-366)?
29
Let m(f) = -22*f - 109. Determine m(-5).
1
Let f(v) = -18*v - 300. Calculate f(-16).
-12
Let l(g) = 13460*g + 13427. Calculate l(-1).
-33
Let u(g) = 5*g**2 - g + 1. Determine u(2).
19
Let s(f) = 54*f + 1154. Calculate s(-15).
344
Let n(t) = 18*t + 698. Calculate n(-36).
50
Let z(j) = -j**3 - 21*j**2 - 67*j - 5. Give z(-14).
-439
Let r(q) = -q**2 - 46*q - 281. What is r(-30)?
199
Let o(d) = 2*d**2 + 6*d - 6819. Determine o(-60).
21
Let s(y) = -y**3 - 7*y**2 - 25*y - 131. Determine s(-7).
44
Let c(r) = r**3 - 6*r**2 + 8*r - 28. Give c(6).
20
Let t(b) = 53*b + 140. What is t(-3)?
-19
Let v(i) = -3*i**3 + 21*i**2 - 7*i + 25. What is v(7)?
-24
Let c(a) = -8*a**2 - 6*a - 40. What is c(0)?
-40
Let u(t) = 3*t**2 + 48*t + 180. Calculate u(-4).
36
Let f(v) = -v**3 - 2*v**2 - 5*v + 33. Calculate f(0).
33
Let h(p) = 35*p - 314. Determine h(5).
-139
Let o(r) = -22*r**2 - 206*r - 13. Determine o(-9).
59
Let g(q) = -6*q**3 + 63*q**2 + 465*q - 5. Determine g(-5).
-5
Let d(l) = -2*l**2 - 88*l + 183. Give d(-46).
-1
Let y(f) = 2*f**3 + 174*f**2 - 189*f - 1157. Give y(-88).
-13
Let s(x) = x**3 + 33*x**2 + 160*x - 73. Determine s(-27).
-19
Let i(x) = 1024*x - 4088. Give i(4).
8
Let s(n) = -n**2 - 9*n + 6315. Give s(75).
15
Let r(d) = d**3 - 21*d**2 - 13*d - 163. Determine r(22).
35
Let x(n) = n**3 - 17*n**2 - 78*n - 111. Calculate x(21).
15
Let k(h) = h**2 + 1284*h - 5144. What is k(4)?
8
Let g(n) = -n**2 + 48*n + 151. What is g(51)?
-2
Let y(q) = -q**3 - 15*q**2 - 2*q + 138. Give y(-4).
-30
Let s(m) = -m**3 + 15*m**2 + 58*m + 44. Give s(19).
-298
Let k(l) = 34166*l + 204987. Determine k(-6).
-9
Let h(s) = -10782*s - 32340. What is h(-3)?
6
Let p(w) = 7*w**2 + 56*w + 30. What is p(-7)?
-19
Let o(a) = 4277*a + 12831. Calculate o(-3).
0
Let y(v) = -36*v + 205. Calculate y(6).
-11
Let p(d) = d**2 - 19*d + 85. Calculate p(12).
1
Let h(u) = -6*u**2 + 4*u + 11. Determine h(-4).
-101
Let g(j) = 38*j + 7. What is g(6)?
235
Let v(n) = 9*n + 265. Determine v(17).
418
Let m(g) = 3*g**3 + 5*g**2 + 60*g - 63. Determine m(1).
5
Let j(o) = 2404*o + 40884. What is j(-17)?
16
Let d(o) = o**3 + 7*o**2 + 75*o + 478. What is d(-7)?
-47
Let s(x) = -143*x - 133. What is s(-1)?
10
Let s(c) = c**2 - 2693*c + 10775. Determine s(4).
19
Let a(k) = -k**3 - 26*k**2 - 41*k - 129. Calculate a(-25).
271
Let t(f) = -79*f + 391. Calculate t(5).
-4
Let s(z) = -z**2 - 153*z - 5651. Calculate s(-91).
-9
Let d(n) = -7*n**2 + 717*n - 2160. What is d(3)?
-72
Let s(y) = 38*y + 1667. What is s(-44)?
-5
Let v(t) = -2*t**3 + 27*t**2 - 13*t - 21. Calculate v(13).
-21
Let b(f) = -f**3 + 81*f**2 - 285*f - 85. Give b(4).
7
Let f(z) = 66*z + 204. Determine f(-3).
6
Let a(o) = o**2 + 29*o + 255. Calculate a(-7).
101
Let f(v) = 18*v**2 + 60*v - 8. Give f(-4).
40
Let x(k) = -k**3 - 6*k**2 - 41*k + 22. Calculate x(0).
22
Let m(y) = 20*y**2 + 162*y - 16. Give m(-8).
-32
Let w(l) = l**3 - 19*l**2 + 74*l - 154. Give w(15).
56
Let r(h) = 2*h**2 - 31*h + 8. What is r(14)?
-34
Let q(a) = 69*a + 529. Give q(-7).
46
Let g(y) = -y**2 + 318*y - 9424. Give g(33).
-19
Let f(w) = 64*w - 4280. Determine f(67).
8
Let d(h) = -h**3 + 78*h**2 - 86*h + 524. Determine d(77).
-169
Let t(n) = -3*n**2 + 197*n - 162. Determine t(63).
342
Let d(j) = 3*j**3 - 36*j**2 + 32*j - 6. Determine d(11).
-17
Let z(r) = 3*r**3 - 100*r**2 - 875*r + 27432. Determine z(34).
-6
Let o(m) = -3*m**2 - 417*m - 10899. Calculate o(-104).
21
Let y(v) = -3*v**2 - 151. Determine y(0).
-151
Let l(q) = 2*q**3 + 13*q**2 + 332*q + 2853. What is l(-8)?
5
Let o(t) = 273*t - 6549. Give o(24).
3
Let h(w) = -w**3 - 36*w**2 - 127*w - 15. Calculate h(-32).
-47
Let a(q) = -36*q**2 - 5836*q - 657. Determine a(-162).
-9
Let b(q) = -160*q - 694. Determine b(-6).
266
Let m(w) = -2*w**2 - 21*w + 133. Calculate m(-23).
-442
Let k(n) = -n**3 + 83*n**2 + 77*n + 539. Determine k(84).
-49
Let d(x) = 7*x**2 - 512*x + 7701. What is d(52)?
5
Let v(t) = t**2 + 82*t + 1251. Give v(-62).
11
Let l(s) = -s**2 - 6*s - 5. Give l(9).
-140
Let f(r) = 5*r**3 - 17*r**2 + 8*r + 34. Determine f(2).
22
Let a(s) = -53*s**2 - 748*s - 86. Give a(-14).
-2
Let p(f) = -13*f**2 + 601*f - 129. Determine p(46).
9
Let u(l) = -50*l - 279. Give u(-6).
21
Let k(z) = z**2 + 3*z - 33. Determine k(-10).
37
Let r(k) = -k**3 + 27*k**2 + 58*k + 25. Determine r(29).
25
Let h(w) = -w**3 - 73*w**2 - 827*w - 147. Give h(-59).
-88
Let n(y) = -54*y - 1064. Determine n(-20).
16
Let w(n) = -17*n + 136. Calculate w(13).
-85
Let f(a) = -2*a**2 - 6*a - 5. Calculate f(5).
-85
Let m(w) = 3442*w - 10350. Calculate m(3).
-24
Let o(v) = 61*v**2 + 7*v - 6. Calculate o(1).
62
Let y(v) = v**2 - 4*v - 26. What is y(8)?
6
Let a(p) = -p**3 - 155*p**2 - 612*p - 1208. What is a(-151)?
0
Let g(w) = w**2 - 3488*w + 20900. Calculate g(6).
8
Let p(m) = -523*m + 12548. What is p(24)?
-4
Let k(r) = 16*r + 1247. What is k(-78)?
-1
Let v(h) = -12334*h + 24669. Determine v(2).
1
Let b(l) = l**3 - 25*l**2 + 60*l + 122. Give b(22).
-10
Let v(w) = -3*w**2 + 134*w - 83. Give v(44).
5
Let v(g) = -134*g + 664. Give v(5).
-6
Let l(b) = -18*b**2 - 1619*b + 99. Give l(-90).
9
Let x(g) = 560*g + 24650. Determine x(-44).
10
Let w(h) = -1780*h - 12473. Determine w(-7).
-13
Let f(s) = s**2 + 67*s - 3858. Give f(37).
-10
Let m(j) = 32*j**2 - 32*j - 26. Give m(-1).
38
Let h(w) = -302*w + 15102. Calculate h(50).
2
Let c(l) = 11*l**3 - 17*l - 37. What is c(-2)?
-91
Let z(l) = 2243*l + 17938. Calculate z(-8).
-6
Let h(n) = -n**3 - 9*n**2 - 10*n - 7. Calculate h(-8).
9
Let g(a) = a**3 - 11*a**2 - 11*a - 78. What is g(9)?
-339
Let z(p) = 5*p + 313. What is z(-35)?
138
Let h(b) = -b**3 + b**2 + 45*b - 21. Give h(5).
104
Let a(p) = 5*p**2 - 278*p - 507. Calculate a(58).
189
Let h(q) = 21*q**2 - 15*q - 15. Give h(-1).
21
Let q(r) = r**2 - 24*r + 28. Determine q(29).
173
Let c(p) = 13*p**2 + 47*p - 111. What is c(-7)?
197
Let i(c) = -31*c + 1097. Calculate i(30).
167
Let v(m) = -4*m + 111. What is v(-12)?
159
Let h(i) = -508*i - 9139. Determine h(-18).
5
Let s(x) = 7*x + 275. Calculate s(-57).
-124
Let v(p) = -p**3 - 35*p**2 - 252*p + 1007. What is v(-19)?
19
Let y(b) = -2*b**3 + 19*b**2 - 18*b + 76. Calculate y(9).
-5
Let y(o) = 6*o**2 + 908*o + 1160. Calculate y(-150).
-40
Let r(g) = 31*g + 134. Give r(-4).
10
Let n(d) = -3*d**2 + 67*d - 259. What is n(5)?
1
Let k(v) = v**3 - 16*v**2 + 41*v - 5. What is k(13)?
21
Let l(a) = 13*a**2 - 142*a - 11. Determine l(11).
0
Let p(z) = 1605*z - 6588. Calculate p(4).
-168
Let p(x) = -2*x**3 - 117*x**2 - 54*x + 239. Determine p(-58).
7
Let f(n) = -7*n**2 + 52*n - 5. Calculate f(5).
80
Let p(b) = 5*b**2 - 54*b - 505. Determine p(-6).
-1
Let r(p) = 24*p - 2088. Give r(87).
0
Let c(f) = -272*f + 726. Determine c(4).
-362
Let b(p) = -2*p**3 - 11*p**2 - 14*p + 6. Give b(-3).
3
Let w(o) = o**3 + 32*o**2 + 112*o - 63. Calculate w(-28).
-63
Let q(n) = -11*n**2 - 11*n + 25. Determine q(-4).
-107
Let j(h) = 690*h - 8281. Determine j(12).
-1
Let b(s) = 8*s + 6. Determine b(7).
62
Let n(a) = 9*a**2 - 203*a + 143. Determine n(22).
33
Let b(h) = -13*h + 680. Give b(55).
-35
Let j(i) = 3*i**2 + 308*i + 212. Determine j(-102).
8
Let g(q) = -q**3 - 15*q**2 - 23*q - 89. Determine g(-14).
37
Let k(c) = c**3 - 57*c**2 + 165*c - 175. Calculate k(54).
-13
Let r(h) = 20*h**3 - 337*h**2 - 45*h - 111. Determine r(17).
-9
Let y(w) = -48*w - 621. Calculate y(-15).
99
Let c(k) = 66*k + 36. Determine c(-1).
-30
Let q(u) = -275*u + 1901. Determine q(7).
-24
Le